46*k - 2677 - 5787. Calculate the remainder when k is divided by 50.
34
Let h = 460 + -105. Let s = -119 + h. What is the remainder when 50 is divided by s/9 + 6/(-27)?
24
Suppose -i + 0*h - 4*h = -11, -4*i = -5*h - 65. Let n(x) = 3*x**2 + x - 1. What is the remainder when n(-4) is divided by i?
13
What is the remainder when 18 + ((-2)/(-2) - -1) is divided by ((-1530)/(-9))/10 - (6 + 0)?
9
Let z = 16 - 1. Suppose -5*k = 22 - 47. What is the remainder when z is divided by k?
0
Calculate the remainder when 93 is divided by (1 - (-4)/(-12))/((-2)/(-87)).
6
Suppose 2*o = 5*x - 4, o = -2*o - 2*x + 13. Suppose -2*p = -1 + 7, 5*p - 54 = -o*i. Calculate the remainder when i is divided by 4.
3
Let t(i) = -i**3 - 18*i**2 - i - 15. What is the remainder when 5 is divided by t(-18)?
2
Suppose 120 = 5*w - 715. Suppose 10*y - w - 73 = 0. Calculate the remainder when 41 is divided by y.
17
Suppose -4*g - 62 = 34. Suppose -5*i - 34 = -4*r + 15, -4*r = 3*i + 23. Let d = i - g. Calculate the remainder when 28 is divided by d.
13
Suppose -31*s - 192 = -43*s. What is the remainder when s is divided by 10?
6
Let o = 10 + 20. Let h = 159 - o. What is the remainder when h is divided by 26?
25
Let c = 19 + -14. Suppose 3*d - c*d = -6. Suppose -d*y + 205 = 2*y. What is the remainder when y is divided by 22?
19
Suppose b - 2*o + 4*o - 234 = 0, -4*o = 3*b - 694. What is the remainder when b is divided by 12?
10
Calculate the remainder when 735 is divided by 3 - (-7)/(-7)*-29.
31
Suppose 168 - 24 = 4*p. Calculate the remainder when p is divided by 14/(-2) - (-23)/(184/160).
10
Calculate the remainder when 45 is divided by (-28)/(-7) - (-16 + -2).
1
Suppose 5*w + 1061 = 3*s + 10*w, w = 4*s - 1384. What is the remainder when s is divided by 35?
32
Let q be (-9*1)/(2 + -1). Let m = 13 + q. What is the remainder when 101/m + (-2)/8 is divided by 9?
7
Let z be (1*16)/((-3)/12). Let a(s) = 5*s**2 - 8*s + 5. Let j be a(5). Let f = j + z. Calculate the remainder when f is divided by 7.
5
Suppose 0*o = -5*o + 1805. Suppose 0 = -5*z + 39 + o. Calculate the remainder when z is divided by 27.
26
Suppose 0 = 2*m - 0 - 6, 2*h = -3*m + 13. Suppose h + 16 = 3*w. Suppose -5 = -4*c + 3. Calculate the remainder when w is divided by c.
0
Suppose 5*f - 176 = 169. Suppose -31*d + 175 = -383. Calculate the remainder when f is divided by d.
15
Suppose 0 = 5*s - 29 - 36. Let z(y) = 3*y - 30. Calculate the remainder when 53 is divided by z(s).
8
Let k = -119 + 143. Suppose d + 245 = 3*i + 1341, 2*d = 4*i + 1460. What is the remainder when i/(-8) - (-1)/4 is divided by k?
22
Let w(i) = 16*i**2 + 3. Let j(l) = -63*l**2 + l - 13. Let z(c) = 2*j(c) + 9*w(c). What is the remainder when 33 is divided by z(-1)?
16
Suppose 2*r = x + 3*r, 0 = 3*x - 5*r - 32. Suppose -80 = -5*a - 5*p, -2*a + x*p - 36 = -4*a. What is the remainder when 27 is divided by a?
13
What is the remainder when (2 - -22) + (-6 - (-44)/4) is divided by 2?
1
Let w be (-4)/(-6)*36/12. Let d = 9 + w. Calculate the remainder when d is divided by 3.
2
Suppose 0 = u - 38 - 5. Let f = -52 - -63. What is the remainder when u is divided by f?
10
Let t(f) = -9*f - 86. Calculate the remainder when 84 is divided by t(-12).
18
Suppose 4*i - 482 = -2*w + 302, 5*w = 4*i + 1932. What is the remainder when w is divided by 49?
45
Let b(n) = n**3 - 6*n**2 + 13*n - 66. Calculate the remainder when 101 is divided by b(6).
5
Let x be (-3)/((18/8)/(-3)). Let f(p) = 2*p**2 - 26*p - 27. Let g be f(14). What is the remainder when g*92*2/x is divided by 16?
14
Calculate the remainder when 107 is divided by -3*(1 + (-84)/18).
8
Let z = 879 + -864. Calculate the remainder when 595 is divided by z.
10
Let c = -9 + 11. Suppose c*z + 10 - 24 = 0. Calculate the remainder when 18 is divided by z.
4
Suppose -4*t = -6*t. Suppose 4*s = -t*s + 76. What is the remainder when 33 is divided by s?
14
Let j(u) = 3*u**2 - 3*u - 1. Let x(g) = 4*g - 23. Let d be x(13). Let f = d - 22. Calculate the remainder when j(3) is divided by f.
3
Calculate the remainder when 54 + 7 - (-4 - 6) is divided by 6.
5
Suppose 3*f = 5*f - 86. What is the remainder when 162 is divided by f?
33
Suppose 0*y + 12 = 3*y. Suppose 34 = 5*p + 3*x, -2 + 10 = 4*p - 4*x. Suppose -p*m - 15 = -6*m. What is the remainder when m is divided by y?
3
Suppose 288*z = 296*z - 568. What is the remainder when z is divided by (-2)/3 - (-339)/9?
34
Let s = 9 - 28. Let n be 14/49 - s/7. Suppose 37 = n*k - 2. What is the remainder when k is divided by 4?
1
Let j = -142 - -154. Calculate the remainder when 69 is divided by j.
9
Let b(c) = 10*c**2 - 4*c - 3. Let g be b(-2). Suppose 4*t = 3*x - 40, 2*t + t + g = 3*x. Calculate the remainder when 34 is divided by x.
14
Suppose -4*v = -4 - 4. Suppose v = 3*p - 7. Calculate the remainder when 13 is divided by p.
1
Let v = 1514 - 1510. Calculate the remainder when 122 is divided by v.
2
Suppose -4*u + 0*u = 140. Suppose 0 = 4*l + k + 46, 0*l + 4*l + 2*k = -48. Let j = l - u. Calculate the remainder when 45 is divided by j.
21
Let w(b) = -2*b + 9. Let r be (-2)/(6/(-9)) + 1. Suppose r*x + 3 = -29. What is the remainder when 49 is divided by w(x)?
24
Suppose -5*x + 5*c - 145 = 0, -5*x + 3*x = -c + 53. Let g = x - 8. Calculate the remainder when 3 is divided by g/(-10) + (-9)/45.
0
Let g(w) = 11*w - 61. Let u(t) = -33*t - 3. What is the remainder when u(-2) is divided by g(7)?
15
Let a = 9 + -5. Suppose -d = -c - 13, -a*c + 23 + 15 = 5*d. Calculate the remainder when (116/(-8))/(1/(-2)) is divided by d.
9
Let j(y) = -2*y**3 - 2*y**2 + 3*y + 3. Let i be (-12)/5 + 12/30. Calculate the remainder when 24 is divided by j(i).
4
Let g = 1000 + -543. What is the remainder when g is divided by 34?
15
Let y = -35 - -80. Let b(j) = 5*j + 2 - 1 + 6 - 5. Calculate the remainder when y is divided by b(2).
9
Suppose -30 = -2*o + 2*t - 2, -o = 2*t - 23. Let m = 50 + -3. What is the remainder when m is divided by o?
13
Let a be -5*4/30*-3. What is the remainder when 24 is divided by 5 + (-4)/(0 - a)?
3
Let f be ((-10)/(-3))/((-6)/(-9)). Let v(u) = -u**2 + 10*u - 4. Calculate the remainder when 2 + f + 3 + -1 is divided by v(9).
4
Let t = -149 - -101. Let r = -36 - t. Calculate the remainder when 165 is divided by r.
9
Suppose -4*p - 5*p + 171 = 0. Calculate the remainder when 111 is divided by p.
16
Suppose 7*b - 318 = 4*b + 5*m, 0 = 2*b + 5*m - 237. What is the remainder when b is divided by 14?
13
Calculate the remainder when 131 is divided by (-6)/(-144)*-4*-426.
60
Let u = 8 - -18. Calculate the remainder when (10/(-3))/(u/(-429)) is divided by 14.
13
Let v(d) = -d + 7. Let k be ((-900)/(-14) - 0) + 10/(-35). Let f = -60 + k. Calculate the remainder when v(0) is divided by f.
3
Let m(y) = 10*y - 7. Let g(i) = 9*i - 6. Let f be 8 - 6 - (1 + -2). Let h(s) = f*g(s) - 2*m(s). Calculate the remainder when h(6) is divided by 10.
8
Suppose 0 = -b + 28 + 21. Let d be (-1)/2 - 13/(-26). Suppose 3*p - 39 = -d*p. What is the remainder when b is divided by p?
10
Let h be (-2)/8 + 100/16. Let i be (-8)/h*(-123)/2. Suppose -2*p + 3*n + i = 0, 0 = p - 5*p + 3*n + 164. Calculate the remainder when p is divided by 11.
8
Suppose 2*h - 72 = 4*k, -k - 26 = -3*h + 92. Let f = -755 + 833. Calculate the remainder when f is divided by h.
38
Suppose 3 = u + r, 5*u = -3*r + 6 + 13. Suppose -81 = -8*d + u*d. Let y(a) = -a**3 + 3*a**2 + 2*a + 4. Calculate the remainder when d is divided by y(3).
7
Suppose -y + 84 = 3*g, 3*g - 2*y + y - 84 = 0. Calculate the remainder when 91 is divided by g.
7
Let q = -44 + -24. Let l be (0 - -14)/((-5)/35). Let o = q - l. What is the remainder when 117 is divided by o?
27
Let n be 6/9*75/10. Suppose 0 = -4*g + 12, n*w - 3*w - 18 = -4*g. What is the remainder when 5 + -4 + 159/w is divided by 11?
10
Suppose 0 = -5*m + 10, 6*b - m = 719 - 91. Calculate the remainder when 523 is divided by b.
103
Suppose 7*c - 176 + 57 = 0. Suppose 3 = 5*q - c. What is the remainder when 4 is divided by q?
0
Suppose 5*r - 750 = -110. Let f(y) = -y**2 - 14*y + 30. What is the remainder when r is divided by f(-13)?
42
Suppose -2*z - 288 = -8*z. What is the remainder when 112 is divided by z?
16
Suppose -28*w + 2640 = 12*w. Calculate the remainder when 82 is divided by w.
16
Suppose 0 = -6*v + 18*v - 48. 